?
True
Is (142616/32)/(11/44) composite?
False
Suppose u + 2 = -n + 2*u, 5*n + 5*u + 30 = 0. Let s(r) = 2*r**2 - 6*r - 25. Let a be s(-3). Let w = a + n. Is w prime?
True
Suppose -36*q + 3944 = -19*q. Suppose 0*z - 81 = 3*z. Let d = q + z. Is d composite?
True
Let q = -748 - -3517. Suppose 0 = 2*z - 3*m + 3863, -2*z = -5*m + 4555 - 690. Let t = q + z. Is t a composite number?
False
Suppose -5*n + 0 = 15. Let d = n + 255. Is -2 + 1*d + 3 prime?
False
Let i be (-813)/(-2) - 8/16. Let b be i/10 + 10/25. Suppose -2*f = -b - 27. Is f a composite number?
True
Let o(j) = -953*j + 168. Is o(-7) composite?
True
Let f be 1 - (2 + -3)/((-2)/4). Is ((-991)/f)/(-1 + 2) prime?
True
Suppose -8*m = -4*m. Suppose -2*y + y + 106 = m. Is y composite?
True
Let i = -3 + 27. Let s = 58 - i. Is s prime?
False
Let h be (4 - 1) + (-1)/(-1) - 0. Suppose h*m - 8*m = -1724. Is m a prime number?
True
Let r(t) = -t**3 + 11*t**2 + 7*t + 6. Let c(k) = -2*k**2 - 2*k + 11. Let n be c(0). Is r(n) a prime number?
True
Let x = -13814 - -20628. Is x prime?
False
Let c = 26 - 24. Suppose 0 = u + c*u - 1623. Is u a prime number?
True
Suppose -5*u + 73098 + 33427 = 4*j, -2*u + 42610 = j. Is u composite?
True
Let l = -3107 + 4609. Is l prime?
False
Let h = -4763 - -9075. Let g = h - 1995. Is g prime?
False
Let v(k) be the first derivative of k**3/3 - 3*k**2/2 - 3*k - 22. Is v(13) a prime number?
True
Let k = 38 - 41. Let v(o) be the third derivative of 2*o**5/15 + 5*o**4/24 + o**3/3 - 2*o**2. Is v(k) composite?
False
Let l(i) = -3*i**3 - 42*i**2 + 42*i + 31. Is l(-18) a prime number?
True
Suppose -3*j = 4*f - 3894, -2*j = 2*j + 8. Suppose o + f = 3*i, 0*i + 4*i - 5*o = 1289. Is i composite?
True
Is (2 + (-9)/5)*(-1924145)/(-17) prime?
True
Suppose -4*s + 2*s - 34 = 0. Let t = s - -20. Suppose -t*y = -13 - 20. Is y prime?
True
Suppose -3*m + 14911 = -20*a + 18*a, -3*a + 3 = 0. Is m a prime number?
False
Let n be 2/(-15) + (-64)/(-30). Suppose n*c = -102 + 880. Is c prime?
True
Let w(l) = 13*l**3 + 25*l**2 - 49*l**2 + 4*l + 0*l**3 + 25*l**2 + 7. Is w(3) a prime number?
True
Suppose -71911 = -10*l + 197719. Is l prime?
False
Suppose 9*u = -5 - 571. Let v be 1/1*-21*7. Let j = u - v. Is j a composite number?
False
Let h(w) = -60*w - 35. Let z(g) = 59*g + 34. Let y(f) = -4*h(f) - 3*z(f). Is y(7) a prime number?
True
Let n be (770/165)/(2/6). Let c(l) = -9 - l - l**3 + 15*l**2 - l + 3*l. Is c(n) a composite number?
True
Suppose -6*t + 4*t = -62. Suppose 0 = a - 0*a - t. Is a a prime number?
True
Let p(g) = g**3 - 29*g**2 + 41*g - 182. Is p(29) a prime number?
False
Let f(r) = 8*r - 5. Let d = -14 - 13. Let o be (-1)/((12/d)/4). Is f(o) prime?
True
Suppose 5*h - 4905 = 3*t, 0 = -3*h - 0*t - 5*t + 2943. Suppose -7*x + 0*x - 3766 = 0. Let a = h + x. Is a prime?
True
Suppose 2*j - 4*x = 8, -2*j + 5*x = -0*x - 10. Suppose -5*p + 1241 = 3*w - j*w, -1608 = -4*w + 5*p. Is w a prime number?
False
Let h be (-4)/(-24) + (-6873)/(-18). Suppose i + i = h. Is i a composite number?
False
Let k(b) = b**2 - 9*b - 4. Let u be k(9). Let d = u - -1. Let h(a) = -3*a**3 - 2*a**2 - 4*a - 1. Is h(d) prime?
False
Suppose 2460 = -5*r + 10025. Is r a prime number?
False
Let x = 44 - 41. Suppose m - 2213 = -x*g, -2*g - 3*g = 4*m - 3693. Is g a prime number?
False
Suppose 2654 + 2074 = -4*t. Let v = -541 - t. Is v prime?
True
Let v = -13 + 18. Suppose -6*h + v*h + 2 = 0. Suppose -h*p = 5*i - 1245, 0*i + i = p + 256. Is i a composite number?
False
Let d = 137 + -44. Let t = -9 - -5. Let k = d - t. Is k a prime number?
True
Let x(t) = t**2 + 4*t + 7. Let c be x(-3). Suppose c*i + 20 = 0, -2*i + 156 - 744 = p. Let k = 8 - p. Is k composite?
True
Let f(j) = 6980*j**3 + 2*j - 3. Is f(1) a prime number?
False
Let u = -14701 - -22302. Is u a composite number?
True
Let p = 3316 + -862. Let s = 5489 - p. Is s a prime number?
False
Suppose 6*s - 20724 = -3390. Let m = 8036 - s. Is m prime?
True
Suppose -5*m + 772 - 210 = v, -2*v = 5*m - 559. Suppose w - 3*k - m = 149, 2*w + k = 552. Is w a prime number?
False
Suppose 3*t - 2*a - 11362 = 2*a, -5*a = -2*t + 7570. Suppose 3*p - 212 = 5*x + 5511, 2*p + 3*x = t. Is p a prime number?
True
Let s(k) = -k**2 - 6*k + 8. Let a be s(-7). Let n be (-10)/(-35)*(a - -6). Is (n/(-4))/((-2)/332) a composite number?
False
Let l(x) = -12*x + 4 - 1 - 4. Let j be l(3). Let f = 72 - j. Is f composite?
False
Let u(v) = 4*v**3 + 18*v**2 + 16*v + 13. Let w(o) = -o**3 - o**2 - o + 1. Let a(t) = -u(t) - 5*w(t). Let l be a(14). Let y = l - -25. Is y a composite number?
True
Let t = 13860 + -8233. Is t prime?
False
Suppose -l - 11759 = -5*l - y, y - 14700 = -5*l. Is l a prime number?
False
Let u be (-8)/(-44) - 4/22. Suppose u = 4*b - 0*b - 16. Suppose 0 = -b*o + 8, -k - 2*o + 234 = 19. Is k a composite number?
False
Suppose -3*v = -2 - 4. Is (2458/(-3))/v*-3 composite?
False
Let d = 83 - 81. Suppose d*a - 131 = -4*u + 255, 3*u + 218 = a. Is a a composite number?
True
Is (-60)/(-72) - (-269767)/6 a prime number?
False
Let d = 3525 - 1923. Suppose -l = -2*z - 1196, 4*z - 2006 = -3*l + d. Suppose 0 = 3*p - l - 213. Is p composite?
True
Let j = 31 - 31. Is j/23 - (-1 + -1054) a composite number?
True
Let b(l) = -l**3 - 2*l**2 - 2*l - 1. Suppose 4*r - 2*r + 4 = 0. Let a be b(r). Suppose 2*v + 0*v - 433 = 3*d, -a*v - 3*d + 642 = 0. Is v a prime number?
False
Is 2 + 7 + -18 + 25598 a composite number?
False
Suppose 5*m - 7090 = 1805. Let z = m + 35. Is z prime?
False
Let t(d) = 4*d - 3. Let x be t(3). Let j(a) = 7*a + x - 4*a + 8*a. Is j(4) a prime number?
True
Let k = 8260 - -2299. Is k composite?
False
Let d(s) = -504*s - 2. Suppose 0 = -5*x + 4 - 9. Let j be d(x). Let b = -195 + j. Is b composite?
False
Let z(j) = 3*j - 1. Suppose 2*p - 18 = -5*o, 2*o - o + 2 = p. Let u be z(p). Let g(h) = 9*h - 12. Is g(u) composite?
True
Let l = -2388 + 3469. Let q = 16 + -29. Is (-48)/312 - l/q a prime number?
True
Let l be 2 - 3/3*-2. Is l/10 + 103/5 prime?
False
Suppose 4*m + 12 = 4*q, 0 = 2*m + 2*m + 5*q - 33. Suppose -4*t = -2*n - 310, -76 + 1 = -t - m*n. Is t a prime number?
False
Let u = -3084 + 6335. Is u a composite number?
False
Is (-40)/8 - (-12156 - 0) a composite number?
True
Suppose 0 = w + 171 - 1041. Let m = 1387 - w. Is m a prime number?
False
Suppose -3*o = -4*l + 20989, 8*o - 3*o + 26230 = 5*l. Is l a prime number?
False
Let z(c) = 7*c**3 - 3*c**2 + 4*c + 4. Let d(r) = 6*r**3 - 3*r**2 + 3*r + 4. Let u(a) = 6*d(a) - 5*z(a). Let g be u(2). Is g/(-1 + 3)*-31 prime?
False
Let b be 3 + (6 - 3)*-1. Suppose 5*v - 20 = b, 2*v - 5174 = -3*p - 1146. Is p/(-30)*6/(-4) a prime number?
True
Let d be -2 + ((-1)/(-3))/((-4)/(-48)). Suppose 5*l = -4*y + 5731, 2*y + y - d*l = 4327. Is y a prime number?
True
Let t be 6 + (3 - 4 - -2). Let q(z) = 25*z + 19. Is q(t) a prime number?
False
Suppose v - 28 - 39 = 0. Let t = v - -82. Is t composite?
False
Let v(j) = j**3 - 19*j**2 + 18*j + 22. Let u be v(18). Let o = u - -137. Is o a prime number?
False
Suppose 4*o = -5*u + 927, 3*o - 368 = -u - u. Let v = u + 358. Is v prime?
False
Let n = 25 + -24. Is (1 - -897) + 1/n a prime number?
False
Suppose -15838 = -10*f + 872. Let n = f - 992. Is n composite?
True
Let u(v) = -4*v + 34. Let i be u(12). Is (-2)/((-2496)/8589 - 4/i) prime?
True
Let j(g) = 15*g**3 + 7*g**2 - 2*g - 39. Is j(7) prime?
False
Let r(a) = -2*a + 7. Let s be r(2). Suppose 2*x = -2*q + x + 1274, 0 = s*q + 4*x - 1921. Is q composite?
True
Let y be -1 + (88/4)/(-2). Let b(c) = -4*c - 3. Let a be b(y). Let t = a - 8. Is t prime?
True
Suppose 10*z = 3*z + 28. Suppose -z*i + 2*i + 3358 = 0. Is i prime?
False
Let d(f) = f**2 + 14*f - 7. Let l be d(-14). Is (849/4)/(l/(-28)) a prime number?
False
Suppose -11*o = -14*o - 972. Let c = -210 - o. Suppose c + 687 = 3*i. Is i composite?
True
Let c = 26748 + 731. Is c composite?
False
Let n(a) = -a**3 + 9*a**2 + 10*a + 8. Let k be n(10). Is 18297/6 - k/16 a prime number?
True
Let u(p) = -p**3 + 18*p**2 + 19*p - 11. Is u(-22) a composite number?
True
Let w = -28 - -29. Let g(h) = -11*h + 3. Let k be g(-3). Let q = k + w. Is q a prime number?
True
Let f be (-6)/20*-2*5. Suppose 0*g + f*g = 5847. Is g prime?
True
Suppose 5*x = 5*i + 32817 - 6297, 3*x - 2*i - 15911 = 0. Is x composite?
False
Let p(k) = 25*k**2 + k + 17. Let c(x